e the first derivative of 4*r - 1/2*r**2 + 5 - 1/3*r**3. Give o(-4).
-8
Let d(l) = 2*l**2 + 3*l - 3. Let s(j) = j**2 + 9*j - 19. Let x(i) = -i**2 - 13*i + 29. Let g(q) = -8*s(q) - 5*x(q). Let y(t) = -5*d(t) - 3*g(t). Determine y(4).
2
Let q = 73 + -79. Let i(f) = -f**2 - 6*f - 4. Give i(q).
-4
Let o(l) = l**2 - 3*l - 4. Suppose -6 = 4*k - 22. Suppose -3*b - 1 = -k. Let a be -1 + b + 6 + -2. What is o(a)?
0
Let w(l) = -4*l**2 + 12*l + 11. Let m be 5/1*(-1)/1. Let b(y) = y**2 - y - 1. Let z(a) = m*b(a) - w(a). What is z(-4)?
6
Let c(l) = l + 1. Let z(k) = k + 1. Let m be (-176)/28 + 4/14. Let h(u) = m*c(u) + 5*z(u). Determine h(3).
-4
Let v(t) = t**3 - 2*t + 3. Let s(j) = -2*j**2 - 6*j + 2. Let u be s(-3). Give v(u).
7
Let o(y) = -8*y - 3 + 6*y - y - 2*y + y**2. Give o(5).
-3
Suppose -u - 4*i = -9*i, -5*i = -4*u. Let c(m) be the second derivative of -m**4/12 + 3*m**2/2 - 2*m. Calculate c(u).
3
Let b(z) = -2*z - 6. Let h(q) = -6*q - 17. Let g(m) = 8*b(m) - 3*h(m). Suppose -9*k + 6 = -12*k. Calculate g(k).
-1
Let x(f) = f**2 + f + 3. Let s be x(0). Let h(l) = -2*l**3 - 5*l + 4. Let c(g) = g**3 - g**2. Let u(p) = 3*c(p) + h(p). What is u(s)?
-11
Let g(v) = -34*v**2 + 3 + 35*v**2 - 2. Let z(m) = -m**2 + 4*m + 2. Let d be z(5). Determine g(d).
10
Suppose -2*l = -5*l. Let a(d) = 5*d**2 + 9*d - 10. Let i(v) = v**2 + 2*v. Let q(b) = a(b) - 4*i(b). Give q(l).
-10
Let w(q) = q**2 + 4*q - 5. Let x(r) = 10*r - 5*r**2 + 10 - 27*r + 11. Let a(f) = 9*w(f) + 2*x(f). Give a(3).
-6
Let p(l) be the first derivative of -l**3/3 - l**2 + 3*l + 4. What is p(-3)?
0
Let v(x) = x - 3. Let d(u) = -u**3 + u**2 - u. Let g be (-1 - 9)*(-5 + 4). Suppose -a - g = -2*k, -3*a - 14 + 39 = 5*k. Let r be d(a). What is v(r)?
-3
Let m be (8 + 84/(-8))*(-8)/(-10). Let l(p) = 9*p + 1. Calculate l(m).
-17
Let d(m) = m. Let v(f) = f**2 - 7*f + 6. Let y be v(6). Suppose 0 = -2*x - y*x - 6. What is d(x)?
-3
Let a be 28/(-35)*(-30)/4. Let u = 8 - a. Suppose -u*q - 10 = 3*q. Let g(c) = 3*c. Give g(q).
-6
Let b(j) = 2*j**2 - 4*j**2 - j + 9*j**2. Suppose 5*c - 4 = 1. Determine b(c).
6
Let h(o) = o**2 - 1. Let i be h(-1). Let z(f) = i*f + f + 0*f + 4. Let p(t) = t**2 - 11*t + 13. Let s be p(9). Determine z(s).
-1
Let r(a) be the first derivative of a**4/4 + 4*a**3/3 - a**2/2 + 4*a - 7. What is r(-4)?
8
Let n(c) = -4*c**3 - 2*c - 10. Let q(l) = 5*l**3 + l**2 + 2*l + 11. Let y(f) = -6*n(f) - 5*q(f). Suppose 3*b - 9 = -24. Give y(b).
-5
Let k(z) = -14*z**3 - 2*z**2 + 12*z + 15. Let y(b) = -5*b**3 - b**2 + 4*b + 5. Let i(r) = 4*k(r) - 11*y(r). Calculate i(4).
5
Let y(r) = r**2 + 4*r + 1. Suppose -5*t + 4*z - 5 = 0, -4*z - 1 + 15 = -2*t. Let u(f) = -t*f + 4 - 1 - 2. Let w be u(1). What is y(w)?
-3
Let j(z) = z + 3. Let y = -25 - -19. Give j(y).
-3
Let h(m) = 2 - 2 + 11*m**2 - 4 + 3. What is h(-1)?
10
Let q(t) = 2. Let b(c) = c + 19. Let x(m) = -b(m) + 5*q(m). What is x(-10)?
1
Let b(l) = 6*l**2 - l. Let y(c) = -5*c**2 + c + 1. Let v(k) = -4*b(k) - 5*y(k). What is v(4)?
7
Let v(c) = 3*c**3 - c**2 + c - 1. Let t(g) = 1 - g + g**3 - 4 + 4. Suppose -l = -4*z + 2*z + 1, -3*z = 2*l - 5. Let x(j) = z*v(j) - 2*t(j). Determine x(2).
7
Let n(c) = 2*c - 3. Let f be n(0). Let j(q) = -3*q. Let s(l) = -15*l + 1. Let h(z) = 11*j(z) - 2*s(z). Determine h(f).
7
Let k(w) = 2*w + 1. Suppose -3*b = b, -5*n = 2*b - 105. Let g be (-6)/n - 60/(-14). Give k(g).
9
Let w(z) be the first derivative of -z**2/2 + 7*z + 23. Calculate w(0).
7
Let z(d) = -d**2 - 22*d + 25*d - 1 + 0. Let s = 11 + -6. Suppose 0*u = -s*u + 15. Determine z(u).
-1
Let r(x) = x**2 + 2. Let f(m) = m**2 - 3*m + 2. Let v be f(3). What is r(v)?
6
Let k(d) = -5*d + 2. Let h(u) be the first derivative of -u**2/2 + 2. Let j(x) = -4*h(x) + k(x). What is j(2)?
0
Let a = 1 + -8. Let i = a - -4. Let o be -2 - (-1 - i)*-1. Let c(y) = y**3 + y**2 + y + 8. Calculate c(o).
8
Let l(o) = o**3 + o**2 + o - 11. Let k = -8 + 8. Let i be 0/(0 + 2) - k. Determine l(i).
-11
Let f(j) = -j + 2. Let g be f(-2). Let m(p) = 2*p + 5 - 2 - 4*p. Let i be m(g). Let d(t) = t**2 + 5*t - 5. Give d(i).
-5
Suppose 0 = -2*d - 5*c + 21 - 1, 4 = -d + c. Let o(v) = -11 - v + 0*v + v**2 + 4. What is o(d)?
-7
Let o(l) = -4*l**2 - 8*l - 3. Let b(i) = 9*i**2 + 17*i + 6. Let f(g) = -3*b(g) - 7*o(g). Determine f(-6).
9
Let o be (-48)/(-18) + (-1)/(-3). Let f(k) = 3*k**2 + 5*k + 1. Let w(z) = 2*z**2 + 4*z + 1. Let y(s) = 3*f(s) - 4*w(s). Give y(o).
5
Let x(u) be the second derivative of -3*u + 3/2*u**2 + 1/20*u**5 - 5/12*u**4 + 0*u**3 + 0. Give x(5).
3
Let f(k) = 20*k**3 + 2*k - 1. Let g be -10*(-2)/28 - 2/(-7). Calculate f(g).
21
Suppose 0 = -11*x + 17*x + 60. Let q(w) = -w**3 - 10*w**2 - 3. What is q(x)?
-3
Suppose 0*d = -4*d + 16. Suppose o + 2*o + 9 = 0. Let a(v) = -10*v + 3. Let w(z) = -9*z + 3. Let m(h) = d*w(h) + o*a(h). Determine m(2).
-9
Let x(t) = t**2 - t - 3. Let b = -37 + 40. Determine x(b).
3
Let y(q) = q**3 + 6*q**2 - 6*q + 8. Let k be y(-7). Let d = k + 0. Let g(j) = -10*j + 1. Let h(o) = -10*o + 1. Let v(u) = 3*g(u) - 2*h(u). What is v(d)?
-9
Let a be (-9)/2*(-4)/(-3). Let k(n) = n + 2. What is k(a)?
-4
Let x(l) = -l - 3. Let r be x(-5). Suppose -3*q - 2*q = -z - 4, r*q - 4 = -2*z. Let c(m) = q + 6*m**2 + 2 - 7*m**2 - 4*m. Determine c(-5).
-2
Suppose 2*t + 0*t = -4*v, 4*t - 5*v = 0. Suppose 0 = 3*l - 6 - t. Let z(q) = 0*q - 2 - l*q - q. Give z(-2).
4
Suppose 3*n + 2 + 4 = 0. Let y(u) = u - 3. Let j be y(4). Let l(b) = -2*b - b - j + 0. Give l(n).
5
Let z(s) = s**3 - 3*s**2 - 3*s + 4. Let i be 2/(-3)*(0 - 30). Suppose 3*h + 5 = -c + i, 4*h = c + 13. What is z(h)?
8
Let g(w) = -w**3 + 0*w**2 + 4*w - 5*w**2 + 4*w**2. Let i(c) = c - 8. Let z be i(5). Calculate g(z).
6
Let j(p) = -4*p**2 + 0 - 4*p + 3*p**2 - 3. Let t be (-1 - 0)/((-7)/(-28)). Determine j(t).
-3
Let x be ((-2)/(-3))/((-3)/18). Let s(u) = -2*u**3 - u - 8. Let r(n) = 3*n**3 + n**2 + 9. Let a(b) = -3*r(b) - 4*s(b). Determine a(x).
5
Let l(k) = 10*k - 7 - 4*k - 4*k - 3*k. What is l(6)?
-13
Let d be (-140)/(-34) - 12/102. Let s(h) = h**3 + h**2. Let f(r) = 3*r**2 + 7*r**3 + r - 3*r + 2*r - 2*r. Let z(l) = -f(l) + 6*s(l). What is z(d)?
-8
Let j = 9 - 9. Let i = j - 0. Suppose -4*r = -i*r - 20. Let z(o) = o**2 - 4*o + 5. Give z(r).
10
Let o(t) be the first derivative of t**5/20 - t**4/12 - t**3/6 + t**2/2 + t - 4. Let z(i) be the first derivative of o(i). Determine z(-2).
-9
Suppose i + 1 = t + 12, 5*i - t - 35 = 0. Let m(b) = -b - 5. Calculate m(i).
-11
Let z(s) = -s**3 - 10*s**2 - 3*s. Let k(x) = x**3 + 9*x**2 + 2*x - 1. Let d(w) = -3*k(w) - 2*z(w). Determine d(-7).
3
Suppose 18 = 5*k + 3*z - 36, 18 = 3*k - 3*z. Let i(w) = w**2 - 11*w + 5. What is i(k)?
-13
Suppose 28 - 8 = 4*l. Suppose 5*m = l*r - 45, -4*r + 5*m = -5*r - 9. Let j(t) be the second derivative of t**5/20 - 7*t**4/12 + t**3 + t**2 + t. Give j(r).
2
Let y(w) be the third derivative of w**4/6 - w**3/3 - 12*w**2. Let b be (-1)/(((-6)/9)/2). Suppose 0 = -3*s - o - 11, -b*s + 3*o + 11 = -s. Give y(s).
-10
Let z(a) = -a**3 + a + 4. Let u be z(0). Let s = 1 + 2. Let k(n) = -3*n**s - 1 + 3*n**3 - 5*n + n**3 - u*n**2. What is k(5)?
-1
Suppose -5*h + 3*t - 2*t + 27 = 0, 0 = 4*h + t - 27. Let j(s) be the first derivative of s**2/2 - 3*s + 1. Give j(h).
3
Suppose 5*m - 12 = m. Suppose 0 = f + m*f. Let q(o) = -o**3 - o**2 + 11. Determine q(f).
11
Suppose 0 = -5*d - 11 - 4. Let o(g) be the second derivative of -3/2*g**2 + 0 - 1/6*g**3 - 2*g. Determine o(d).
0
Suppose 5*c + 4*z - 39 = 0, 4*c - z = 12 + 15. Let j(w) = w**2 - 6*w - 5. Determine j(c).
2
Suppose -2*v + 30 = r, -2*r - 10 = -v - 5*r. Suppose -2*h = -3*h - 5*o + v, -2*h + 11 = 3*o. Let p(j) = j**3 - 2*j**2 + 2*j - 1. What is p(h)?
0
Let r(m) be the second derivative of m - 1/12*m**4 - 1/6*m**3 - 1/20*m**5 - m**2 + 0. Let k = 29 + -31. Give r(k).
4
Let x(i) = -i**3 - 6*i**2 - 5*i - 3. Let t = 18 - 23. What is x(t)?
-3
Let p(u) be the second derivative of -u**2 - 1/2*u**3 + 0 - 1/12*u**4 + 2*u. Determine p(-2).
0
Suppose 4*s - 5*m + 20 = -10*m, 0 = -2*s - 5*m - 10. Let v(h) = -h + 1. Let q(w) = -4*w + 3. Let j(i) = 4*q(i) - 14*v(i). What is j(s)?
8
Let a(p) = 67*p**2 + p - 66*p**2 + 2*p + 5. Give a(-4).
9
Let o(y) = y**2 + y**3 + 0*y**2 + 3*y + 6 + 0*y**3 - 4*y. Let g(p) = -p**2 - p + 2. Let b be g(1). Determine o(b